6
What is the greatest common divisor of 375452 and 3954118?
742
What is the highest common divisor of 45568 and 18880?
64
Calculate the greatest common divisor of 12552 and 31008147.
1569
Calculate the highest common divisor of 384 and 3189552.
48
What is the greatest common factor of 531865038 and 246?
246
What is the greatest common divisor of 902 and 54371350?
22
What is the highest common divisor of 114 and 49461?
3
Calculate the highest common factor of 7006 and 1190694221.
3503
Calculate the highest common factor of 24394867 and 2097.
233
What is the highest common factor of 12 and 271479012?
12
What is the highest common factor of 595243 and 518287?
583
Calculate the highest common factor of 30 and 23890070.
10
Calculate the highest common factor of 364042 and 2226.
14
Calculate the greatest common factor of 106156550 and 11940.
1990
What is the greatest common divisor of 6156 and 1304748?
324
Calculate the greatest common factor of 39712 and 5586982.
2482
Calculate the greatest common divisor of 15042 and 38357754.
654
What is the highest common factor of 3107405 and 5264?
329
Calculate the highest common divisor of 92868 and 3621.
213
What is the greatest common factor of 1072911 and 69027?
399
What is the greatest common divisor of 834252 and 1083?
57
Calculate the greatest common divisor of 15 and 25138635.
15
What is the greatest common divisor of 210969837 and 26?
13
What is the highest common factor of 24905 and 127478733?
4981
Calculate the highest common divisor of 5765292 and 1841060.
5044
What is the highest common factor of 120 and 2978590?
10
What is the greatest common factor of 80 and 119487400?
40
What is the greatest common divisor of 74854854 and 81?
81
What is the highest common divisor of 604440 and 204?
12
Calculate the highest common factor of 323503 and 248864.
101
Calculate the greatest common divisor of 456192 and 19305.
297
What is the greatest common factor of 800 and 9641400?
200
What is the greatest common factor of 11775 and 165300?
75
Calculate the highest common divisor of 64627467 and 2697.
93
What is the greatest common factor of 1875 and 1426290?
15
Calculate the highest common factor of 207 and 17750457.
207
What is the highest common divisor of 180 and 586160?
20
Calculate the greatest common divisor of 18419 and 1035376.
163
Calculate the greatest common divisor of 160 and 3032144.
16
What is the highest common factor of 135586 and 374?
22
Calculate the greatest common divisor of 4907 and 4322366.
701
Calculate the greatest common divisor of 53 and 152345.
1
Calculate the greatest common factor of 106540 and 39657232.
3044
What is the greatest common factor of 1846 and 8197124?
26
What is the highest common factor of 588683 and 3?
1
Calculate the greatest common divisor of 372701 and 8547.
259
Calculate the highest common factor of 32219 and 9785963.
319
What is the highest common factor of 4743 and 17908395?
51
What is the greatest common divisor of 10834108 and 43?
43
What is the greatest common divisor of 352 and 21367168?
32
What is the greatest common factor of 710 and 1171705?
5
What is the greatest common divisor of 8418 and 333609?
183
What is the highest common factor of 101728 and 355872?
352
What is the highest common factor of 68 and 791492732?
68
Calculate the highest common divisor of 105 and 10550820.
105
Calculate the greatest common divisor of 153 and 23148390.
51
Calculate the greatest common factor of 22631310 and 14950.
2990
Calculate the greatest common factor of 259254 and 272232.
18
Calculate the highest common factor of 6747 and 288613.
13
Calculate the greatest common factor of 60783 and 9609.
3
What is the greatest common factor of 67130 and 267638?
98
Calculate the highest common factor of 156512 and 3015.
67
What is the highest common divisor of 144 and 48874?
2
What is the highest common divisor of 133698 and 37?
1
Calculate the greatest common divisor of 39 and 1659129381.
39
Calculate the highest common factor of 53 and 4425967460.
53
Calculate the greatest common factor of 3418 and 739997.
1709
What is the highest common divisor of 86 and 20686?
2
Calculate the greatest common factor of 821 and 14331376.
821
Calculate the greatest common divisor of 144 and 3119756.
4
What is the greatest common divisor of 59826330 and 430?
430
What is the greatest common divisor of 717959321 and 127?
127
What is the highest common factor of 96754287 and 28?
7
What is the greatest common factor of 45 and 19578945?
15
What is the highest common factor of 12270 and 91050?
30
What is the greatest common factor of 78307761 and 1743?
1743
What is the highest common factor of 95365120 and 66560?
5120
What is the greatest common factor of 357 and 3309271?
119
Calculate the highest common divisor of 581040 and 743715.
135
What is the greatest common factor of 112 and 19256216?
56
Calculate the greatest common divisor of 294872 and 8856.
328
What is the highest common divisor of 271892 and 144022?
1346
Calculate the greatest common divisor of 13003 and 112.
1
What is the highest common factor of 16 and 208765072?
16
What is the highest common divisor of 868868 and 44506?
154
Calculate the highest common factor of 3043 and 87023.
17
What is the greatest common divisor of 34 and 2410804?
34
Calculate the greatest common divisor of 880927345 and 6815.
6815
Calculate the highest common divisor of 999640 and 50728.
2984
Calculate the greatest common factor of 718 and 1557216350.
718
Calculate the highest common divisor of 8770 and 16466552.
1754
Calculate the greatest common divisor of 89 and 308207.
89
What is the greatest common divisor of 23020613 and 231?
77
Calculate the greatest common factor of 966 and 39123644.
322
What is the greatest common factor of 28990 and 349505?
65
What is the highest common divisor of 16380 and 3050424?
468
Calculate the highest common divisor of 114195 and 79772655.
4965
Calculate the greatest common factor of 1640107 and 11912873.
9821
Calculate the highest common divisor of 15780 and 15195.
15
Calculate the highest common divisor of 2192506 and 217.
31
Calculate the highest common divisor of 14433146 and 784.
98
Calculate the highest common divisor of 18078 and 124319.
131
Calculate the highest common divisor of 343217602 and 1820.
182
Calculate the highest common factor of 6503 and 12626039.
929
What is the highest common divisor of 490459200 and 440?
440
Calculate the highest common factor of 62242727 and 38.
19
Calculate the highest common factor of 21533643 and 97403.
379
What is the greatest common factor of 128 and 1188384?
32
What is the highest common divisor of 2394 and 596372?
266
What is the highest common divisor of 439 and 16755313?
439
What is the greatest common divisor of 1586452 and 17276?
28
What is the highest common factor of 36972075 and 525?
525
What is the greatest common divisor of 667507690 and 5970?
1990
What is the highest common factor of 5688 and 598296?
24
Calculate the greatest common divisor of 6033846 and 3341.
3341
What is the greatest common factor of 559651 and 76396538?
8353
Calculate the greatest common factor of 1125 and 1195200.
225
What is the greatest common divisor of 40874 and 537092?
382
What is the highest common factor of 58885 and 225?
5
Calculate the greatest common divisor of 221 and 4470779.
17
What is the highest common factor of 277786649 and 1841?
1841
What is the highest common factor of 33062792 and 28?
28
What is the greatest common factor of 131498 and 268694?
74
What is the greatest common factor of 333354 and 987?
21
What is the highest common divisor of 359812 and 84502?
46
What is the greatest common factor of 1016 and 302752?
8
What is the greatest common divisor of 30878913 and 1749?
159
Calculate the greatest common divisor of 8515 and 6120985.
65
What is the greatest common divisor of 40508323 and 9081?
1009
Calculate the highest common factor of 45099596 and 13616.
3404
Calculate the greatest common factor of 683668601 and 77.
77
What is the highest common factor of 3568 and 32714546?
446
What is the highest common factor of 26997765 and 7095?
645
Calculate the highest common factor of 3285 and 45372055.
365
What is the highest common divisor of 150566 and 33800?
26
What is the greatest comm